{"id":679,"date":"2011-05-18T09:52:14","date_gmt":"2011-05-18T07:52:14","guid":{"rendered":"http:\/\/www.djk-pellingen.de\/?page_id=679"},"modified":"2026-01-21T18:22:51","modified_gmt":"2026-01-21T17:22:51","slug":"aerobic","status":"publish","type":"page","link":"https:\/\/www.sv-pellingen.de\/?page_id=679","title":{"rendered":"Bodystyle"},"content":{"rendered":"<p>Body &#8211; Compete &#8211; Workout<br \/>Jede Stunde hat sein eigenes Motto und die Abwechslung macht\u2019s, egal ob mit Eigenweicht oder mit Kleinger\u00e4ten: Bodyshape &#8211; Cardio \u2013 Brasils &#8211; Core &#8211; Faszien \u2013 Hanteln &#8211; Power Bands \u2013<br \/>Redondo-Ball &#8211; Stretching \u2013 uvm.<br \/>Wir trainieren und arbeiten an und mit unserem K\u00f6rper und ein jeder wird so gefordert, wie es sein Trainingsstand zul\u00e4sst. Durch verschiedene Varianten der \u00dcbungen ist ein Neueinsteigen oder auch Wiedereinsteigen nach l\u00e4ngerer Pause jederzeit m\u00f6glich.<br \/>Trainiert wird zu aktueller Musik jeden Dienstag von 18.00 bis 19.00 Uhr.<br \/>Komm vorbei und mach einfach mit.<\/p>\n<p>Ansprechpartnerin: Karina Jakobs\u00a0<\/p>\n\n\n<figure class=\"wp-block-image size-large\"><img loading=\"lazy\" decoding=\"async\" width=\"676\" height=\"384\" src=\"https:\/\/www.sv-pellingen.de\/wp-content\/uploads\/Logo_BS.png\" alt=\"\" class=\"wp-image-1749\" srcset=\"https:\/\/www.sv-pellingen.de\/wp-content\/uploads\/Logo_BS.png 676w, https:\/\/www.sv-pellingen.de\/wp-content\/uploads\/Logo_BS-300x170.png 300w\" sizes=\"auto, (max-width: 676px) 100vw, 676px\" \/><\/figure>\n","protected":false},"excerpt":{"rendered":"<p>Body &#8211; Compete &#8211; WorkoutJede Stunde hat sein eigenes Motto und die Abwechslung macht\u2019s, egal ob mit Eigenweicht oder mit Kleinger\u00e4ten: Bodyshape &#8211; Cardio \u2013 Brasils &#8211; Core &#8211; Faszien \u2013 Hanteln &#8211; Power Bands \u2013Redondo-Ball &#8211; Stretching \u2013 uvm.Wir trainieren und arbeiten an und mit unserem K\u00f6rper und ein jeder wird so gefordert, wie &hellip; <\/p>\n<p class=\"link-more\"><a href=\"https:\/\/www.sv-pellingen.de\/?page_id=679\" class=\"more-link\"><span class=\"screen-reader-text\">\u201eBodystyle\u201c <\/span>weiterlesen<\/a><\/p>\n","protected":false},"author":5,"featured_media":0,"parent":6,"menu_order":0,"comment_status":"closed","ping_status":"open","template":"","meta":{"footnotes":""},"class_list":["post-679","page","type-page","status-publish","hentry","entry"],"_links":{"self":[{"href":"https:\/\/www.sv-pellingen.de\/index.php?rest_route=\/wp\/v2\/pages\/679","targetHints":{"allow":["GET"]}}],"collection":[{"href":"https:\/\/www.sv-pellingen.de\/index.php?rest_route=\/wp\/v2\/pages"}],"about":[{"href":"https:\/\/www.sv-pellingen.de\/index.php?rest_route=\/wp\/v2\/types\/page"}],"author":[{"embeddable":true,"href":"https:\/\/www.sv-pellingen.de\/index.php?rest_route=\/wp\/v2\/users\/5"}],"replies":[{"embeddable":true,"href":"https:\/\/www.sv-pellingen.de\/index.php?rest_route=%2Fwp%2Fv2%2Fcomments&post=679"}],"version-history":[{"count":16,"href":"https:\/\/www.sv-pellingen.de\/index.php?rest_route=\/wp\/v2\/pages\/679\/revisions"}],"predecessor-version":[{"id":2131,"href":"https:\/\/www.sv-pellingen.de\/index.php?rest_route=\/wp\/v2\/pages\/679\/revisions\/2131"}],"up":[{"embeddable":true,"href":"https:\/\/www.sv-pellingen.de\/index.php?rest_route=\/wp\/v2\/pages\/6"}],"wp:attachment":[{"href":"https:\/\/www.sv-pellingen.de\/index.php?rest_route=%2Fwp%2Fv2%2Fmedia&parent=679"}],"curies":[{"name":"wp","href":"https:\/\/api.w.org\/{rel}","templated":true}]}}