{"id":1318,"date":"2016-08-26T10:06:48","date_gmt":"2016-08-26T08:06:48","guid":{"rendered":"http:\/\/www.sv-pellingen.de\/?page_id=1318"},"modified":"2026-01-15T21:32:14","modified_gmt":"2026-01-15T20:32:14","slug":"vermietung-vereinsheim","status":"publish","type":"page","link":"https:\/\/www.sv-pellingen.de\/?page_id=1318","title":{"rendered":"Vermietung Vereinsheim"},"content":{"rendered":"<p>Das Vereinsheim kann f\u00fcr Feiern und Feste gemietet werden.<\/p>\n<p>Dazu geh\u00f6rt die Nutzung der voll ausgestatteten K\u00fcche, Zapfanlage, Terrasse, Wintergarten sowie Toiletten.<\/p>\n<p>Die Preise belaufen sich f\u00fcr Mitglieder auf 120\u20ac \/ Tag und f\u00fcr nicht-Mitglieder auf 200\u20ac \/ Tag.<\/p>\n<p style=\"text-align: left;\">Als Ansprechpartner zur Vermietung kontaktieren Sie Patrick Hoffmann oder Verena Sch\u00f6mann. ( patrick.hoffmann7@icloud.com ) oder (verena.drees@gmx.de)<\/p>\n","protected":false},"excerpt":{"rendered":"<p>Das Vereinsheim kann f\u00fcr Feiern und Feste gemietet werden. Dazu geh\u00f6rt die Nutzung der voll ausgestatteten K\u00fcche, Zapfanlage, Terrasse, Wintergarten sowie Toiletten. Die Preise belaufen sich f\u00fcr Mitglieder auf 120\u20ac \/ Tag und f\u00fcr nicht-Mitglieder auf 200\u20ac \/ Tag. Als Ansprechpartner zur Vermietung kontaktieren Sie Patrick Hoffmann oder Verena Sch\u00f6mann. ( patrick.hoffmann7@icloud.com ) oder (verena.drees@gmx.de)<\/p>\n","protected":false},"author":9,"featured_media":0,"parent":48,"menu_order":4,"comment_status":"closed","ping_status":"closed","template":"","meta":{"footnotes":""},"class_list":["post-1318","page","type-page","status-publish","hentry","entry"],"_links":{"self":[{"href":"https:\/\/www.sv-pellingen.de\/index.php?rest_route=\/wp\/v2\/pages\/1318","targetHints":{"allow":["GET"]}}],"collection":[{"href":"https:\/\/www.sv-pellingen.de\/index.php?rest_route=\/wp\/v2\/pages"}],"about":[{"href":"https:\/\/www.sv-pellingen.de\/index.php?rest_route=\/wp\/v2\/types\/page"}],"author":[{"embeddable":true,"href":"https:\/\/www.sv-pellingen.de\/index.php?rest_route=\/wp\/v2\/users\/9"}],"replies":[{"embeddable":true,"href":"https:\/\/www.sv-pellingen.de\/index.php?rest_route=%2Fwp%2Fv2%2Fcomments&post=1318"}],"version-history":[{"count":30,"href":"https:\/\/www.sv-pellingen.de\/index.php?rest_route=\/wp\/v2\/pages\/1318\/revisions"}],"predecessor-version":[{"id":2123,"href":"https:\/\/www.sv-pellingen.de\/index.php?rest_route=\/wp\/v2\/pages\/1318\/revisions\/2123"}],"up":[{"embeddable":true,"href":"https:\/\/www.sv-pellingen.de\/index.php?rest_route=\/wp\/v2\/pages\/48"}],"wp:attachment":[{"href":"https:\/\/www.sv-pellingen.de\/index.php?rest_route=%2Fwp%2Fv2%2Fmedia&parent=1318"}],"curies":[{"name":"wp","href":"https:\/\/api.w.org\/{rel}","templated":true}]}}